(-3780)).
2, 3, 29
Let g be ((-8)/(-12))/((-8)/180*-5). Suppose g*i + 36 - 102 = 0. Suppose 43 + i = 5*c. List the prime factors of c.
13
Suppose 7*k - 22*k = -150. Suppose -2*o = -7*o - k, 3*i - 908 = -2*o. What are the prime factors of i?
2, 19
Let d be 32/144 + 87906/27. Let m = -2273 + d. What are the prime factors of m?
983
Let t be 4/6*3*(-21926)/76. Let p = t + 839. What are the prime factors of p?
2, 131
Suppose 3685 = 4*b + x + 635, 4*b - 3042 = 3*x. Suppose -5*a + 0*a - 2*m = -b, 3*a - 4*m = 452. What are the prime factors of a?
2, 19
Suppose -345968 = 187*x + 23*x - 1152578. What are the prime factors of x?
23, 167
Let b be ((-6)/24 - 0)*4852. Let k = b + 1764. What are the prime factors of k?
19, 29
Suppose 3349 = 5*r - u, 191 + 3156 = 5*r - 3*u. Let i = r + -215. Let q = i + -262. List the prime factors of q.
193
Let x(a) = 61*a**2 - 16*a - 19. Let b(p) = p**2 - 10*p - 3. Let t be b(10). List the prime factors of x(t).
2, 17
Let r = 24 - 15. Suppose -51 = r*o - 906. Let p = o + -72. List the prime factors of p.
23
Let h = -3632 + 1988. Let x = -930 - h. What are the prime factors of x?
2, 3, 7, 17
Let o = 48 - 49. List the prime factors of 386 - (-5)/(-1) - (-1 - o).
3, 127
List the prime factors of 1*(-8)/(-80) + (-637911)/(-90).
2, 443
Suppose -71*v - 2*g = -73*v + 30276, 0 = 4*g - 4. List the prime factors of v.
15139
Let f = -561 + 551. List the prime factors of 1975/(-15)*(f + (-35)/(-5)).
5, 79
Let a = 146 + -144. Suppose 0 = a*n - 235 - 117. What are the prime factors of n?
2, 11
Let p(k) be the first derivative of 190*k**2 - 114*k + 124. What are the prime factors of p(4)?
2, 19, 37
Suppose -46*s = 137 - 2069. List the prime factors of 210/s - 4*-155.
5
Let d(q) = -q**3 + 3*q**2 + 4*q. Let r be d(3). Let l be ((-8)/r)/2*-9. Suppose -2*s + 97 = z, 4*z - 89 = -l*s + 54. List the prime factors of s.
7
Let f = 34457 + -21635. List the prime factors of f.
2, 3, 2137
Suppose -4423 - 2767 = -10*m. Let c = m - -1230. List the prime factors of c.
1949
Suppose 35884 = 10*t - 6*t - 4*k, 2*t - 5*k = 17957. List the prime factors of t.
2, 4483
Let m(s) = 3*s**3 - 2*s**3 + 50*s + 42*s**2 + s**3 - 48*s**2 - 55*s + 2. Suppose -3*k = 2*j - 7*j + 22, -4*k = 3*j - 19. List the prime factors of m(j).
7, 11
What are the prime factors of (2/(-16))/(((-115)/20)/(-23))*-66004?
2, 29, 569
Let q(s) = -2*s**2 + s + 11*s + 4 - 21*s. What are the prime factors of q(-3)?
13
Suppose -10*f + 4*f = -12. Let a be ((-3)/f)/(6/(-16)). Suppose -110 = -4*i + 2*y, 2*i - 45 = i + a*y. What are the prime factors of i?
5
Let v = 4 + 6. Suppose 23*s + 12870 = v*s. List the prime factors of (s/(-77))/((-1)/(-7)).
2, 3, 5
Suppose 5*r = -4 + 14. Let b(j) = 1071*j - r - 26 - 1054*j. List the prime factors of b(18).
2, 139
Let g = 2295 - 1968. List the prime factors of g.
3, 109
Let x(z) = 7*z + 22. Let u = 26 + -41. Let f = u + 25. List the prime factors of x(f).
2, 23
What are the prime factors of 154315/5 + -5 - (-15 + 15)?
2, 3, 37, 139
Let u(t) be the first derivative of t**6/120 + t**5/40 + 3*t**4/8 + 5*t**3 - 6. Let h(s) be the third derivative of u(s). What are the prime factors of h(-6)?
3, 11
Let z be 10/(-1)*10/(-15)*492. Let x = -1876 + z. List the prime factors of x.
2, 3, 13
Let n(k) = k**2 + 9*k + 6. Let x be n(-10). List the prime factors of 2488/x*(-3)/((-3)/2).
311
Let y = 8 + -80. What are the prime factors of 1922*(-10)/(-16) - 54/y?
2, 601
Suppose -9*s + 770 + 292 = 0. What are the prime factors of s?
2, 59
Let v(d) = 49*d + 1. Let i be v(2). Suppose 5*m = -3*f + 19 + 3, 0 = -f + m + 2. Suppose f*c - c = b - 33, -c + i = 3*b. List the prime factors of b.
3, 11
Suppose 3*j - 10 + 1 = 0. Let a(i) = 2*i + 10. Let p be a(j). Suppose r + z = 8 + p, -5*r + 111 = 2*z. What are the prime factors of r?
3, 7
Suppose -5745 = -6*r - 1479. Let l = r + -384. List the prime factors of l.
3, 109
Suppose -j = 3*s - 22513, -36*s - 3*j = -37*s + 7491. What are the prime factors of s?
3, 41, 61
Let y(w) = -w**2 - 27*w - 34. Let o = 85 - 102. List the prime factors of y(o).
2, 17
Let r(i) = i + 958. Let y be r(0). Let v = -619 + y. What are the prime factors of v?
3, 113
Suppose 61*s - 64*s = -3*k + 1074, -3*k + 1053 = 4*s. Suppose -k = -7*y - 166. What are the prime factors of y?
3
Suppose t - 23 = 5*u + 7, 5*t - 30 = u. Suppose -y = -3*y + q + 600, -t*y = q - 1500. List the prime factors of y.
2, 3, 5
Suppose -3*h - q - 15 = 0, 0 = 3*h + 2*q + 5 + 13. List the prime factors of h - -95 - (-4 - (0 - 7)).
2, 11
Suppose -4*l + 6 - 2 = 0. Let o(f) = f**3 - 7*f**2 - 22*f + 38. Let b be o(9). List the prime factors of l/2 - (-57)/b.
29
Suppose 3*x - 5*s + 15 = -2*s, -s + 5 = 0. Suppose 2*u - 90 - 68 = x. What are the prime factors of u?
79
Suppose 0 = 4*q + 3*d - 474066 + 97187, -188429 = -2*q - 3*d. What are the prime factors of q?
5, 3769
Suppose -1205823 = -68*p - 99*p + 744069. What are the prime factors of p?
2, 3, 7, 139
Suppose 43*o + 101279 - 960 = 0. Let a = -838 - o. List the prime factors of a.
5, 13, 23
Let v be 10/(-7) + 1 + (-48)/(-112). Suppose v = 10*z - 13*z + 21. What are the prime factors of 1353/z - (-6)/(-21)?
193
Suppose -n + 104 = -34. Let r = -3 + 127. Let f = n - r. List the prime factors of f.
2, 7
Suppose a - 5*q - 4 = 4, q = 2*a - 7. Suppose 0 = -3*k + a*p + 273, -3*p = 2*p - 10. Suppose -612 + k = -3*m. What are the prime factors of m?
173
Let b = 20222 - -13861. List the prime factors of (b/42)/(9/12).
2, 541
Suppose -148*k + 297829 = -523*k + 1733704. What are the prime factors of k?
7, 547
Let c = 25287 + -20725. List the prime factors of c.
2, 2281
Let b = 152 + -148. Suppose -r = -3*p + 5*p - 2133, -p + 1062 = -b*r. What are the prime factors of p?
2, 13, 41
Let w = 23785 - 8604. What are the prime factors of w?
17, 19, 47
Let m(h) = h**2 + 2*h - 11. Suppose 28 = 3*n + 4. Let b be m(n). What are the prime factors of (-2)/2 - b*2/(-3)?
3, 5
Let i = -75 - -153. Let z = 107 - i. Suppose z*n - 35*n + 342 = 0. What are the prime factors of n?
3, 19
Let m(o) = o**3 + 7*o**2 + 2. Let y be m(-7). Let x(b) = 7 + 32*b**y + 5*b + 5*b**2 - 6*b**2 + 15*b**2. List the prime factors of x(-2).
181
Suppose 16 = 4*o, -4*o + 7*o = t + 65. Let w = -53 - t. Suppose -93 = -m - w*m. List the prime factors of m.
3, 31
Let k(x) = -5*x - 12. Let d be k(1). Let n = d + 116. What are the prime factors of n?
3, 11
Let s(q) = -1 - 1 + 2 + 9*q**2 - 1. Let l(c) = -3*c**2 - 16*c + 10. Let a be l(-6). List the prime factors of s(a).
5, 7
Let z(n) = 747*n - 632. What are the prime factors of z(7)?
4597
Let n be (-1 - 45)*(0 + -1). Suppose -4*x - 146 = n. Let o = x - -155. What are the prime factors of o?
107
Let s(u) = 3427*u**3 - 17*u**2 + u. List the prime factors of s(2).
2, 5, 547
Suppose -46*h + 48*h - 2*x - 16962 = 0, 5*h + 2*x - 42384 = 0. List the prime factors of h.
2, 3, 157
Suppose 8754 = 5*h + h. Let g = 2444 - h. What are the prime factors of g?
5, 197
Let g(o) = o**2 - 40*o - 82. Let q be g(42). Let a = 71 + q. What are the prime factors of a?
73
Suppose 9*f = 6*f + 3. Let c be -5*(15/(-25) + 0). List the prime factors of ((-5)/c)/(f + 37/(-36)).
2, 3, 5
What are the prime factors of (-3)/(12*(-27)/8627148)?
3, 26627
Suppose 4*h - y = 1076, -552 = -2*h - 2*y - y. List the prime factors of -4*1 + h/(8/4).
131
Suppose 18995 + 8351 - 181636 = -10*x. List the prime factors of x.
3, 37, 139
Let v(x) = 13*x**2 + 38*x - 94. What are the prime factors of v(-26)?
2, 3853
Let d(f) = -558*f - 4583. List the prime factors of d(-13).
2671
Suppose 201958 + 201223 = 10*m + 150001. What are the prime factors of m?
2, 12659
Suppose -5*s + 15938 = 5*w - 19087, 3*w - 12 = 0. What are the prime factors of s?
7001
Suppose 3*k + 5*b - 7*b = 3804, -4*b + 2520 = 2*k. Suppose -2*n + k = -0*n - 5*d, 0 = 5*n + d - 3111. List the prime factors of n.
7, 89
Let p be 1*(12/3 - (7 - 3)). Suppose 3*i + 2 - 23 = p. What are the prime factors of i?
7
Let b = 106857 + -51415. List the prime factors of b.
2, 19, 1459
Let n(h) = 2*h**3 + 16*h**2 + 16*h + 17. Let j be n(-7). Suppose 0 = -4*m - j*z + 3653, 13*z = -4*m + 12*z + 3655. List the prime factors of m.
2, 457
Suppose 5*b - 29 = -2*w + 1, -2*b + 3*w = -12. Suppose -15 + b = -3*i. Suppose i*n = -3*z + 18, -z = 2*n - 0 - 4. What are the pri